{"id":20,"date":"2020-02-12T10:39:35","date_gmt":"2020-02-12T09:39:35","guid":{"rendered":"https:\/\/schuetzengilde-uebigau.de\/schuetzen\/?page_id=20"},"modified":"2020-03-26T13:01:08","modified_gmt":"2020-03-26T12:01:08","slug":"veranstaltungen","status":"publish","type":"page","link":"https:\/\/schuetzengilde-uebigau.de\/schuetzen\/index.php\/veranstaltungen\/","title":{"rendered":"Veranstaltungen"},"content":{"rendered":"\n<div style=\"height:100px\" aria-hidden=\"true\" class=\"wp-block-spacer\"><\/div>\n\n\n\n<p class=\"has-text-align-center has-medium-font-size\"> <strong>Unter den einzelnen Men\u00fcpunkten ver\u00f6ffentlichen wir u.a. ausgew\u00e4hlte Fotos unserer Mitglieder. <\/strong><\/p>\n","protected":false},"excerpt":{"rendered":"<p>Unter den einzelnen Men\u00fcpunkten ver\u00f6ffentlichen wir u.a. ausgew\u00e4hlte Fotos unserer Mitglieder.<\/p>\n","protected":false},"author":1,"featured_media":0,"parent":0,"menu_order":0,"comment_status":"closed","ping_status":"closed","template":"","meta":{"_mc_calendar":[],"footnotes":""},"class_list":["post-20","page","type-page","status-publish","hentry"],"_links":{"self":[{"href":"https:\/\/schuetzengilde-uebigau.de\/schuetzen\/index.php\/wp-json\/wp\/v2\/pages\/20","targetHints":{"allow":["GET"]}}],"collection":[{"href":"https:\/\/schuetzengilde-uebigau.de\/schuetzen\/index.php\/wp-json\/wp\/v2\/pages"}],"about":[{"href":"https:\/\/schuetzengilde-uebigau.de\/schuetzen\/index.php\/wp-json\/wp\/v2\/types\/page"}],"author":[{"embeddable":true,"href":"https:\/\/schuetzengilde-uebigau.de\/schuetzen\/index.php\/wp-json\/wp\/v2\/users\/1"}],"replies":[{"embeddable":true,"href":"https:\/\/schuetzengilde-uebigau.de\/schuetzen\/index.php\/wp-json\/wp\/v2\/comments?post=20"}],"version-history":[{"count":57,"href":"https:\/\/schuetzengilde-uebigau.de\/schuetzen\/index.php\/wp-json\/wp\/v2\/pages\/20\/revisions"}],"predecessor-version":[{"id":1267,"href":"https:\/\/schuetzengilde-uebigau.de\/schuetzen\/index.php\/wp-json\/wp\/v2\/pages\/20\/revisions\/1267"}],"wp:attachment":[{"href":"https:\/\/schuetzengilde-uebigau.de\/schuetzen\/index.php\/wp-json\/wp\/v2\/media?parent=20"}],"curies":[{"name":"wp","href":"https:\/\/api.w.org\/{rel}","templated":true}]}}